 = b*x(i) + 11*h(i). Determine m(-5).
9
Suppose -4*g = -12 - 4. Let t(x) = -x**2 + 3*x + 5. Determine t(g).
1
Let v(u) = u**2 + 1. Let q(y) = 2*y**2 - 3*y. Let h(i) = q(i) - v(i). Let j = 3 - 0. Give h(j).
-1
Let x = -11 - -14. Let v(b) = -x*b + 1 + 2 + 0*b. Give v(2).
-3
Let d(j) = 3*j - 7. Let i(y) = y**2 + 2*y - 3. Let g(h) be the first derivative of h**2/2 + 10*h + 2. Let b be g(-8). Let v be i(b). Calculate d(v).
8
Let l(u) be the third derivative of u**5/60 + 5*u**4/24 - u**3/3 + 41*u**2. What is l(-5)?
-2
Suppose 7*d - 4*d - 15 = 0. Suppose 2*f + 5*b = b + 18, 4*f - 10 = d*b. Let n(z) = 38 - 16 - 15 - z. What is n(f)?
2
Let k(g) be the second derivative of g**3 + g**2 + 3*g. Let z = 1 - 1. Suppose 0 = -2*y + 3*y - 4, z = -5*n - 5*y + 10. What is k(n)?
-10
Let h(f) = -7*f - 35. Let r(z) = 3*z + 18. Let q(u) = -4*h(u) - 9*r(u). What is q(9)?
-13
Let k(a) be the first derivative of -a**4/4 - a**3 + a + 4. Calculate k(-3).
1
Let m(j) = -7*j + 1. Let r(b) be the third derivative of -7*b**4/24 + b**3/6 + b**2. Let p(z) = 4*m(z) - 5*r(z). Calculate p(1).
6
Let b(v) be the third derivative of v**5/60 - v**4/3 + 3*v**3/2 - v**2. Determine b(6).
-3
Let b(o) = o**3 + 6*o**2 + 3*o - 5. Let j be b(-5). Suppose -3*k + i - 5*i + 8 = 0, 4*k = 2*i + 18. Let w(l) = -2 - l**2 + 12*l - l - k*l - 4. What is w(j)?
4
Let k(j) = -2*j**2 + 4*j. Let f be k(3). Let g(i) = i**2 + 5*i - 7. Determine g(f).
-1
Let m = 5 + 0. Let r(c) = c**3 + 3*c**2 - c - 1. Let g be r(-3). Let b(a) = -g*a + a - a + 5 - a. What is b(m)?
-10
Let w(h) = h**2. Let i(r) = -5*r**2 + 7*r - 9. Let q(p) = -p + 1. Let u be q(5). Let f(t) = u*w(t) - i(t). Calculate f(6).
3
Let j(q) = -5*q**2 + 121*q - 113*q + 6 + 6*q**2. What is j(-6)?
-6
Let j(z) = z**3 + 2*z**2 - 3*z + 2. Suppose 0 = -2*l - 2*g, -4*g + 4 + 8 = 0. Calculate j(l).
2
Let w(a) = a**2 - 2*a + 5. Let v(d) = -3*d**2 + 5*d - 11. Let n(j) = -4*v(j) - 9*w(j). Calculate n(-2).
15
Suppose r = 6*r - 5. Let z(o) be the third derivative of -o**6/60 - o**4/24 + o**3/6 - 3*o**2. Give z(r).
-2
Let c(o) be the first derivative of 5/2*o**2 + 2*o + 1. Give c(-2).
-8
Let z(b) = b**3 - b + 1. Suppose -8 = 3*v - 5*v. Suppose 3*w + v*g + 6 = 0, -w - 6*g - 13 = -g. Let s be (2/(-3))/(w/6). What is z(s)?
-5
Let r(p) = -p. Let x(u) = -16*u - 4. Let o(y) = -20*r(y) + x(y). Calculate o(-4).
-20
Let p(w) = w**3 + 4*w**2 - 3*w - 3. Suppose -5*i = 4*b + 35, 3*b - 10 = -2*i - 31. Determine p(b).
-13
Let s(a) = a - 6. Let c(w) = -w**3 - 10*w**2 - 8*w + 12. Let u be c(-9). Suppose -y + u*y + 2 = 0. Let t(f) = 1. Let j(b) = y*s(b) - 6*t(b). What is j(-2)?
2
Let u(v) = -6*v + 40. Let f(w) = -w + 8. Let m be (-18)/3 + 2 + 2. Let b(n) = m*u(n) + 11*f(n). Let i = 0 + -4. Calculate b(i).
4
Let x(f) = 3*f**2 - 5*f. Let y(i) = 2*i**2 - 5*i. Let s(w) = 3*x(w) - 4*y(w). Calculate s(-4).
-4
Let b(x) = x - 8. Let q be (-16)/10 - (-10)/(-25). Let s = q + 2. Give b(s).
-8
Let v(g) be the third derivative of -g**9/60480 + g**8/4032 - g**7/5040 + g**6/360 - g**5/12 - 3*g**2. Let l(k) be the third derivative of v(k). Give l(5).
-3
Let a(h) be the second derivative of 5*h**3/6 - h**2/2 + 12*h. Determine a(-1).
-6
Let g(y) = 2*y + 4 - 5 - 2*y + 3*y. Give g(-2).
-7
Let z(o) = -o - 3. Suppose v + 2*w + 4 = -0*v, 4*v - 5*w = -3. Let f(t) = 2*t**2 + t - 2. Let i be f(v). Let g = 7 - i. Determine z(g).
-6
Let k(o) = -202 + 192 + o - 2*o. Let l = -3 + -2. Determine k(l).
-5
Let h(u) = -u + 2. Let b(o) = -2*o + 3. Let s(q) = 2*b(q) - 5*h(q). Calculate s(3).
-1
Let b(p) = 9*p. Suppose -7*q + 12 = -4*q. Suppose q*c = 3*c + 1. What is b(c)?
9
Let n(t) = t**3 - 7*t**2 - 3*t + 15. Let u be n(7). Let w(f) = -f**3 - 6*f**2 - 2*f - 9. What is w(u)?
3
Let k(c) = -4*c**2 - c. Let h be k(1). Let n(g) be the third derivative of g**6/120 + g**5/10 + 5*g**4/24 - 2*g**3/3 - g**2. Calculate n(h).
-4
Let m(x) = -x + 7. Let b be m(5). Let c be 2/4 - 7/(-2). Let a(u) = -c - u + b + 0*u. Calculate a(0).
-2
Let w(r) = r**3 - 3*r + 4*r**2 + 4*r**3 + 1 - 9*r**3 + 3*r**3. Suppose 8*q - 20 = 3*q. Calculate w(q).
-11
Let p(k) = -1 + 7*k - k**2 + 6*k**2 - 6*k**2. Give p(4).
11
Let v(p) = 5*p**2 + 2*p + 1. Let n(s) = 4*s**2 + 3*s. Let x(l) = 4*n(l) - 3*v(l). Suppose -r - 5 = 0, 3*u - 5*r - 55 = 8*u. What is x(u)?
-3
Let o(x) = 2*x - x - 10 + 8. What is o(5)?
3
Let k = -15 - -18. Let y(d) = 0 + 2 - 6*d - d**2 + k - 8. Let c be -7 + (0 - (2 - 4)). Calculate y(c).
2
Let r(s) = -2*s**2 - 3*s + 3. Suppose -5*m + c = -2*c + 6, 3*c = 2*m - 3. Let p be r(m). Let q(l) = -l**2 - 5*l - 9. Calculate q(p).
-15
Let c(a) = 3*a**3 - a**2 + a. Let i = 0 - 0. Let q be 3 - ((-40)/(-5) + -4). Let h = i - q. What is c(h)?
3
Let p be ((-4)/(-2 + 0))/(4/(-6)). Let c(d) = 5*d**2 + d**3 + 4*d - 2 + 3 + 0*d**3. Determine c(p).
7
Let h(d) be the third derivative of d**6/120 - d**5/15 + d**4/24 - d**3/3 - 9*d**2. Let q(l) = -l + 13. Let y be q(11). Calculate h(y).
-8
Suppose -44 = 4*g + 4*r, -37 = 5*g + r - 2. Let h be (-2)/g*1*3. Let m(j) = -4*j**3 - j**3 + 10*j**3 - j**2 + h. What is m(1)?
5
Let v = -9 + -3. Let k be ((-8)/24)/((-2)/v). Let u(h) = -h**3 - 2*h**2 - 3*h - 2. Determine u(k).
4
Let t = 1 + -1. Let r(w) = -4*w + t*w + 3*w. Let n be r(0). Let h(p) = -p**2 - p + 7. Determine h(n).
7
Let o(w) = -w + 4. Let g be (-3)/2 - (-21)/2. Let i = -14 + g. Give o(i).
9
Suppose 4*x = -2*x + 24. Suppose -x = 3*y - 10. Let t(a) = a**2 - 2*a - 1. Determine t(y).
-1
Let m(u) = -u**2 + 6*u + 7. Let i be m(5). Let r be ((-15)/i)/(3/12). Let h(c) = -c**2 - 6*c + 6. What is h(r)?
11
Let w(u) = -u + 8. Let l be (-2)/((-2 - -1)*2). Suppose 4*g + 4*c = -28, -c + l = 4*g + 20. Let a be (-1 - 0)*(g - 0). Determine w(a).
4
Let i(t) = -t**3 + t**2 + t. Let r(g) = 3*g**3 + g**2 - 4*g. Let u(l) = -2*i(l) - r(l). Calculate u(-3).
-6
Let l(v) = -13*v - 3. Let o(a) = 7*a + 1. Let n(u) = 6*l(u) + 11*o(u). Let m(y) = -2*y - 8. Let c(h) = 6*m(h) - 7*n(h). Calculate c(-1).
6
Let m(r) = r**3 - r + 5. Let w = 11 - 0. Suppose w*n = 6*n. Determine m(n).
5
Let n(f) = f - 11. Let i be -5*(-2 - (-31)/5). Let m be ((-28)/i)/((-4)/(-18)). What is n(m)?
-5
Let q(j) = -2*j + 12. Suppose 18 = 16*x - 14*x. Give q(x).
-6
Let s(j) = j**3 - 6*j**2 + 4*j + 1. Let d(p) = -p**2 + 5*p + 6. Let r be d(6). Suppose r*y = -y + 5. Give s(y).
-4
Let q = -130 + 129. Let t(i) = 3*i**2 + i. Give t(q).
2
Let f(l) be the third derivative of l**5/60 - 3*l**4/8 + 5*l**3/6 - 7*l**2. Let q(z) = z**2 - 9*z + 6. Let t(n) = -5*f(n) + 4*q(n). Give t(8).
7
Let p(q) = q + q + q + 0*q - 7. What is p(5)?
8
Let z(g) = 3*g**2 + 2*g**3 + g**3 - 4*g**3 + g + 4*g**2 - 6. Determine z(7).
1
Let a(f) = f**2 - 3*f - 9. Let s be a(4). Let n(c) = c**3 + 4*c**2 - 5*c - 5. Calculate n(s).
-5
Let w(h) be the first derivative of h - 3 + h**3 - 1/2*h**2. Give w(1).
3
Let s(w) = -2*w**3 - 2*w**2 + w - 2. Suppose 4*l - 8 = 4*g, -g - 2*l + 1 = 3. Calculate s(g).
4
Let k(z) = -z. Let o(b) = -4*b - 1. Let p(q) = -q**3 + 12*q**2 - 10*q - 12. Let t be p(11). Let m(f) = t*o(f) + 6*k(f). What is m(1)?
-1
Suppose -4*c + 4 + 10 = d, 2*c + 2*d - 4 = 0. Suppose 2*i + 48 = 5*i. Let v(o) = 1 + i*o - 18*o + 3. Give v(c).
-4
Let y(p) be the second derivative of p**4/12 + p**3/2 - 7*p. Determine y(-4).
4
Let y(g) = g**2 + 8*g + 3. Suppose w - 2*w = 10. Let b be w/(-6)*(-2 + -1). Calculate y(b).
-12
Let s(j) = -2*j**2 - 2*j - 3. Suppose -10 = -2*d - 4*h, -3*h = 4*d - 0 - 15. Let w = d + -2. Suppose w = -2*x - 3. Determine s(x).
-7
Let j be 48/22 + 6/(-33). Let i be 3 - (j - -1 - 0). Let r(p) = -p**2 + p + 2. What is r(i)?
2
Let d(j) = -76*j**2 + 152*j**2 - 1 - 78*j**2. What is d(1)?
-3
Let p(c) = 0 - 2*c - 7 + 17 - 2. Calculate p(6).
-4
Let z = 1 + -2. Let j be z - (2 - (1 - -1)). Let m(h) = -6*h**3 - h**2 - h - 1. Give m(j).
5
Let h(d) = 0 + 5 - d + 3 + 0. Determine h(6).
2
Let h = 11 - 6. Suppose -4*a + 36 = -4*d, h*a - 33 = -3*d - 12. Let w(p) = -2*p + 8. Give w(a).
-4
Let f(b) = b**3 + 3*b**2 - 4*b - 4. Let g(w) = 5*w**3 - w**2 - 3*w - 1. Let n be g(-1). What is f(n)?
-4
Let k(s) = -s**3 + 1. Let v(w) = -4*w**3 + 6*w**2 - 4*w + 9. Let j(r) = 3*k(r) - v(r). Give j(5).
-11
Let p(l) = 14*l - 4 - 22*l - l**3 + 13*l + 3*l**2. What is p(3)?
11
Let a = -19 - -28. Let f(m) = m**2 - 4*m + 4. Let h(c) = 4*c**2 - 16*c + 16. Let v(u) = a*f(u) -